 be the second derivative of w**4/6 - w**2/2 - 11*w. Calculate h(-2).
7
Let m(b) = b - 2. Let p(l) = l**3 + 5*l**2 + 4. Let c be p(-5). Let v be (c/(-8))/((-1)/12). Determine m(v).
4
Let k(r) = 5*r + 6. Let s(y) = -5*y - 4 + 3 - 4 + 0. Let m(d) = 5*k(d) + 6*s(d). Calculate m(-1).
5
Let a(m) be the second derivative of -m**5/20 + m**4/12 + m**2 - 9*m. Calculate a(2).
-2
Suppose -3*v + v + 40 = 0. Suppose d - 5*d = v. Let w(q) be the third derivative of -q**6/120 - q**5/12 - q**4/24 + 5*q**3/6 - 2*q**2. Calculate w(d).
10
Let l(g) be the third derivative of g**7/5040 - g**6/180 - g**5/20 - 3*g**2. Let m(p) be the third derivative of l(p). Let w = 0 - -4. What is m(w)?
0
Let k(a) = -a**3 + 4*a**2 + 7*a - 5. Let r = 7 + -9. Let z be (4 - -1)/(r/(-2)). What is k(z)?
5
Let g(q) = -q**3 + 3*q**2 + 1. Let f = 1 + -1. Let b(a) = -a**2 + 4*a. Let m be b(3). Let j = f + m. What is g(j)?
1
Suppose o - 4*g = 1, 3 = 3*o - 0*o + 5*g. Suppose -4*r - 23 = o. Let c(f) = f**2 + 7*f - 6. What is c(r)?
-12
Let i(z) = z**2 - 6*z + 2. Let h(x) = x**3 + 12*x**2 - 13*x + 15. Let t be h(-13). Suppose 0 = 2*l - t + 3. What is i(l)?
2
Let f = -11 - -17. Let l(h) = -h**3 + 5*h**2 + 4*h + 8. What is l(f)?
-4
Let f(s) = s**2 + 5*s. Let m(u) = u**2 - 5*u - 11. Let n be m(6). Give f(n).
0
Let v(y) = -y**3 + 8*y**2 + 2*y - 9. Let l = 8 - 10. Let f(z) = 2*z**2 - 2*z - 4. Let r be f(l). Determine v(r).
7
Let d(r) = 4 + 41*r**2 - 40*r**2 + 0*r - 2*r. Determine d(3).
7
Let m(w) = -w**2 - w - 1. Let k(x) = x**3 - 2*x**2 - 2*x + 1. Let q be k(2). Let v = q + 2. Determine m(v).
-1
Let f be (-24)/54*(-9)/2. Suppose -4*k = 3*d - 7, -f*k - d = -6*k + 3. Let i(r) = r - 1. Give i(k).
0
Suppose 4*d + 4 = 0, 4 - 7 = p + 3*d. Let g(y) = p - 2 + 3*y + 0. What is g(3)?
7
Let a = 6 - 4. Let p(w) = 0*w - 4*w**a + 3*w**2 + 0*w**2 - 5*w - 2. Calculate p(-5).
-2
Let p(j) = j + 1. Let n(w) = -2*w + 7. Let y(g) = -n(g) - 3*p(g). What is y(-11)?
1
Let i be (-3)/(-4 + 55/10). Let c(h) = -4*h - 3. Give c(i).
5
Suppose -5*v = 7 + 18. Let a(z) = -2*z - 2. Calculate a(v).
8
Let s = 22 + -17. Let d(q) = -2*q + 4. Determine d(s).
-6
Let q = -2 - -2. Let p(g) = g**2 + q*g**2 - 3 - 2 + 7*g - 2*g**2. Determine p(6).
1
Suppose 6*d = 5*d - 4. Let l(u) = -u**2 - 3*u + 1. Determine l(d).
-3
Let i(f) = f**3 + 2*f**2 + 2*f + 3. Let z be i(-2). Let j(a) be the second derivative of -a**4/12 - a**3/6 + 30*a + 2. Determine j(z).
0
Let x be (0 - 1)*(-1 - -1). Let s(v) = -4 - 3*v - 3*v**2 + 2*v**2 + x*v. Give s(-4).
-8
Suppose 4 = 5*q - 6. Suppose g + 9 = 5*h, 3*h - 8 = -q*g - 0*g. Let c(s) be the third derivative of -s**4/6 - s**3/6 + s**2. Determine c(h).
-9
Let i(k) be the first derivative of -17*k - 8 - 1/2*k**2. Calculate i(-7).
-10
Suppose -9*m + 20 = m. Let h(s) = 5*s - 3. Calculate h(m).
7
Let a(z) = -z**3 + 5*z**2 - 4*z + 6. Let o be a(4). Suppose o = -3*g, -5*v + 2*g - 28 = 6*g. Let n(b) = -4*b - 5. Give n(v).
11
Let l(n) be the first derivative of -n**4/12 + n**3/6 + n**2 + 5*n + 2. Let f(o) be the first derivative of l(o). What is f(2)?
0
Suppose -2*l + 12 = -4*u + 40, -l + 16 = 3*u. Let m(g) = g**3 - 7*g**2 + 7*g - 3. Let k be m(u). Let i(j) = j**3 - j**2 - 4*j. Calculate i(k).
6
Suppose -4*r - 3*v = 15, -2*v = -4*r + 2*v - 8. Let k(c) = c - 1. Let y(w) = 5*w - 6. Let l(z) = -11*k(z) + 2*y(z). Calculate l(r).
2
Let t(d) = -3*d - 7. Let q be (-1 - -2)*30/2. Let z(p) = -p - 3*p - q - 2*p. Let a(x) = -5*t(x) + 2*z(x). Determine a(-5).
-10
Let b(u) = u**2 - 4*u + 4. Let s(l) = -6*l**2 + 21*l - 20. Let n(w) = 11*b(w) + 2*s(w). Let i be n(-3). Let q be (0 + i)*4/(-1). Let r(z) = z + 4. Give r(q).
0
Suppose 0 = -6*x + 25 - 19. Let g(d) = 2*d**3 + 2*d**2 - d. Determine g(x).
3
Let w(m) be the third derivative of -m**6/120 - 2*m**5/15 - m**4/3 - 7*m**3/6 + 2*m**2 - 39. What is w(-7)?
0
Let r(b) = 4*b**3 - 10*b**2 + 3*b - 1. Let d(q) = -q**3 + q**2 + q + 1. Let w(z) = -3*d(z) - r(z). Calculate w(6).
-2
Let k(s) = -s + 2. Let r be k(5). Let t(u) = u**3 - 5*u - 3. Let o(a) = -a**3 + 6*a + 3. Let v be -2 - -3*8/(-12). Let f(z) = r*o(z) + v*t(z). Give f(-2).
7
Let o = -8 + 8. Let c(v) be the third derivative of -v**4/24 + 2*v**3/3 + 3*v**2. Calculate c(o).
4
Let o = -7 - -6. Let n(b) = -20*b**2 - b - 1. Determine n(o).
-20
Let v(r) = -2*r**2 - 3*r - 1. Let f(b) = -b**3 + 3*b**2 - b + 1. Let y be f(2). Suppose -d = -2*d - y. Give v(d).
-10
Let h(n) = n**2 + 6*n - 2. Let q be (-1)/(1/8) - -1. Let j be h(q). Let x(p) = -p**3 - j + 2*p**3 - 5*p**2 - p - 4*p. What is x(6)?
1
Let d(o) = -o - 3. Suppose 5*l + 2*y + 17 + 4 = 0, -18 = 4*l + 2*y. Let q be (5/l)/((-1)/(-3)). Determine d(q).
2
Let w be ((-16)/(-48))/((-1)/(-3)). Let n(h) = -h. What is n(w)?
-1
Suppose -5*r = -0 - 15, 5*a - 4 = 2*r. Let v(t) = t**3 + t - a*t**2 - 3 - 2*t**3 + 4. What is v(-2)?
-1
Let g = 1 + 1. Let i(u) = 0 + g - 3 - 5 + 2*u. What is i(4)?
2
Let x(j) = -11*j + 32. Let v be x(3). Let m(w) = 4*w - 1. What is m(v)?
-5
Let q(n) = n**2. Let j = 13 + -8. Let s(l) = -l**3 - 4*l**2 - 2. Let t(r) = j*q(r) + s(r). Determine t(-2).
10
Let n(m) be the third derivative of -m**5/60 + m**4/4 - 5*m**3/6 - 7*m**2. What is n(5)?
0
Let r(h) = 3*h**2 - 5*h + 6*h - 3*h. Determine r(2).
8
Let j(a) = 4*a**3 + 29*a - 3*a**3 - 8 - 23*a - 7*a**2. Determine j(6).
-8
Let h = -11 - -31. Let f(p) = -12*p - 12*p + h*p - p**2 + 5. Determine f(-6).
-7
Let x(d) = -d**3 - 3*d + 6*d + 2 - 4*d + 5*d**2. Calculate x(5).
-3
Let m(h) be the first derivative of -h**4/12 + 7*h**3/6 + h**2/2 - 5*h + 1. Let p(q) be the first derivative of m(q). What is p(6)?
7
Let p be (0 - 2) + 5/1. Let u(d) be the second derivative of 1/6*d**3 + 0 - 1/2*d**2 - 4*d. Determine u(p).
2
Let j be (-2)/3*(1 + -4). Let x(t) = t - 1. Let s(q) = q - 2. Let v(b) = j*x(b) - s(b). Determine v(0).
0
Let f be ((-9)/(-6))/(6/(-16)). Let t be 10/(-3) + f/6. Let g(m) = -2*m**2 - 6*m - 2. Calculate g(t).
-10
Suppose 4*r + 12 = -2*r. Let k(i) be the first derivative of i**3/3 + i**2/2 - 2*i + 3. Determine k(r).
0
Suppose -2*u = -u - 3. Let b(c) be the first derivative of c**3/3 + c**2 - 4*c + 162. Determine b(u).
11
Let c(b) = b**3 + 6*b**2 + 6*b - 7. Let i(l) = 2*l**3 + 12*l**2 + 13*l - 15. Let j(z) = 13*c(z) - 6*i(z). Give j(-6).
-1
Let j(b) = -b**3 + 5*b**2 - 2. Let k = 16 - 12. Suppose 0 = k*f - 2*f - 10. Determine j(f).
-2
Let g(j) = 2*j + 4. Let r be g(-4). Suppose -3*f + 5 = -1. Let l(u) = -2 - f - u + 0. Calculate l(r).
0
Let z(g) = 4*g. Suppose 5*p - a = -18, 0 = p + 2*a + 1 - 4. What is z(p)?
-12
Let y(x) = 4*x**2 + 3*x + 3. Let v(q) = 7*q**2 + 6*q + 7. Let n(h) = 3*v(h) - 5*y(h). Calculate n(-5).
16
Let g(c) = -3 - 5*c + 8*c - c. Determine g(4).
5
Let t(n) = -9*n**2 + 3*n - 15. Let i(u) = -4*u**2 + 2*u - 7. Let d = 4 - 7. Let x(k) = d*t(k) + 7*i(k). Let j be 460/140 - 2/7. What is x(j)?
2
Let p(g) = g**3 + 7*g**2 - 4*g - 8. Let l(q) = q**3 + 6*q**2 - 5*q - 7. Let f = 8 + -6. Suppose -f*i = -1 - 5. Let w(b) = i*l(b) - 2*p(b). Calculate w(-5).
5
Suppose -5*q = a - 23, -4*a + 4 = 2*q - 4*q. Let t(h) be the first derivative of 1/3*h**3 + 3*h**2 + h + q. Give t(-6).
1
Let x be (-3)/(-2)*4/3. Let m(h) be the second derivative of 1/20*h**5 - h**2 - 1/12*h**4 - 1/6*h**3 + 0 - 2*h. Give m(x).
0
Let h(t) be the second derivative of -t**5/4 - t**4/6 + t**3/3 + 3*t**2/2 + 49*t. Calculate h(-2).
31
Let j = -45 - -45. Let q(z) be the third derivative of 1/60*z**5 + 1/24*z**4 + 0*z + z**2 + 0 + 1/3*z**3. Calculate q(j).
2
Let x(r) = 2 - 26*r**2 - 5*r**3 + 25*r**2 - 1. Determine x(-1).
5
Suppose -9 = -3*b + 2*b + 2*p, -3*b = -4*p - 17. Let c(h) = h**2 - 3*h - 3. Let g be c(4). Let n(y) = 2*y + 0*y + 8*y**2 + 2*y - g - 5*y. Determine n(b).
8
Let q be 6/(6/((-12)/2)). Let z(a) = -a - 2. Give z(q).
4
Let a(t) be the third derivative of -t**4/24 + t**3/2 + t**2. Let s = 70 + -66. Give a(s).
-1
Let b(a) = -a**2 - a. Let o = 6 + -5. Let n(j) = -7*j**2 - j + 5. Let l(w) = o*n(w) - 6*b(w). Determine l(6).
-1
Let u be (12/(-1 + -3))/(-3). Let t(f) = -f**2 - f. Let h(y) = 3*y**2 + 5*y - 4. Let w(s) = u*h(s) + 2*t(s). Determine w(-3).
-4
Let c(h) = 6*h**2 - 2*h + 1. Let w be c(1). Let s = 14 + -11. Let o(y) = 9 - 1 + s*y - y**2 - 1. Give o(w).
-3
Let o(x) = -x**2 + 1. Let u(a) = a**3 + 2*a**2 + a + 2. Let q be u(-2). Suppose q = 3*s - 3. Gi